{"id":8,"date":"2025-12-09T11:11:49","date_gmt":"2025-12-09T11:11:49","guid":{"rendered":"http:\/\/attbing.cluster121.hosting.ovh.net\/?page_id=8"},"modified":"2026-03-30T11:25:50","modified_gmt":"2026-03-30T11:25:50","slug":"coffrage-manuportable","status":"publish","type":"page","link":"https:\/\/dsmat.fr\/index.php\/coffrage-manuportable\/","title":{"rendered":"COFFRAGE MANUPORTABLE GEOPLAST"},"content":{"rendered":"<h2 class=\"has-text-align-center wp-block-post-title\">COFFRAGE MANUPORTABLE GEOPLAST<\/h2>\n\n\n<figure class=\"wp-block-image aligncenter size-full is-resized\"><img loading=\"lazy\" decoding=\"async\" width=\"933\" height=\"210\" src=\"http:\/\/attbing.cluster121.hosting.ovh.net\/wp-content\/uploads\/2025\/12\/GEO-2.png\" alt=\"\" class=\"wp-image-1096\" style=\"aspect-ratio:4.442882249560633;object-fit:cover;width:342px\" srcset=\"https:\/\/dsmat.fr\/wp-content\/uploads\/2025\/12\/GEO-2.png 933w, https:\/\/dsmat.fr\/wp-content\/uploads\/2025\/12\/GEO-2-300x68.png 300w, https:\/\/dsmat.fr\/wp-content\/uploads\/2025\/12\/GEO-2-768x173.png 768w, https:\/\/dsmat.fr\/wp-content\/uploads\/2025\/12\/GEO-2-230x52.png 230w, https:\/\/dsmat.fr\/wp-content\/uploads\/2025\/12\/GEO-2-350x79.png 350w, https:\/\/dsmat.fr\/wp-content\/uploads\/2025\/12\/GEO-2-480x108.png 480w\" sizes=\"auto, (max-width: 933px) 100vw, 933px\" \/><\/figure>\n\n\n\n<h3 class=\"wp-block-heading has-text-align-center has-text-color has-link-color wp-elements-04bf0d1a49a211116b153721549c99d0\" style=\"color:#116f37\">Coffrages 100% recycl\u00e9, 100% recyclable<\/h3>\n\n\n\n<div style=\"height:50px\" aria-hidden=\"true\" class=\"wp-block-spacer\"><\/div>\n\n\n\n<div class=\"wp-block-columns is-layout-flex wp-container-core-columns-is-layout-28f84493 wp-block-columns-is-layout-flex\" style=\"border-top-left-radius:26px;border-top-right-radius:26px;border-bottom-left-radius:26px;border-bottom-right-radius:26px\">\n<div class=\"wp-block-column has-cyan-bluish-gray-background-color has-background is-layout-flow wp-block-column-is-layout-flow\" style=\"border-top-left-radius:11px;border-top-right-radius:11px;border-bottom-left-radius:11px;border-bottom-right-radius:11px\">\n<h4 class=\"wp-block-heading has-text-align-center is-style-default has-global-color-1-color has-text-color has-link-color has-large-font-size wp-elements-52ff35c1de162dc52430ee23e2f59d69\">GEOPANEL<\/h4>\n\n\n\n<div style=\"height:5px\" aria-hidden=\"true\" class=\"wp-block-spacer\"><\/div>\n\n\n\n<h6 class=\"wp-block-heading has-text-align-center has-global-color-6-color has-text-color has-link-color has-medium-font-size wp-elements-48a6b9abb97f9c9645e8bbf35f119b90\">Coffrage manuportable droit<\/h6>\n\n\n\n<figure class=\"wp-block-image aligncenter size-full is-resized\"><a href=\"https:\/\/dsmat.fr\/index.php\/coffrage-manuportable\/geopanel\/\"><img loading=\"lazy\" decoding=\"async\" width=\"300\" height=\"300\" src=\"http:\/\/attbing.cluster121.hosting.ovh.net\/wp-content\/uploads\/2025\/12\/Geopanel-300x300-3.png\" alt=\"\" class=\"wp-image-948\" style=\"width:163px\" srcset=\"https:\/\/dsmat.fr\/wp-content\/uploads\/2025\/12\/Geopanel-300x300-3.png 300w, https:\/\/dsmat.fr\/wp-content\/uploads\/2025\/12\/Geopanel-300x300-3-150x150.png 150w, https:\/\/dsmat.fr\/wp-content\/uploads\/2025\/12\/Geopanel-300x300-3-230x230.png 230w\" sizes=\"auto, (max-width: 300px) 100vw, 300px\" \/><\/a><\/figure>\n\n\n\n<div style=\"height:30px\" aria-hidden=\"true\" class=\"wp-block-spacer\"><\/div>\n\n\n\n<div class=\"wp-block-columns is-layout-flex wp-container-core-columns-is-layout-65eef5bf wp-block-columns-is-layout-flex\" style=\"border-top-left-radius:0px;border-top-right-radius:0px;border-bottom-left-radius:0px;border-bottom-right-radius:0px\">\n<div class=\"wp-block-column is-vertically-aligned-center is-layout-flow wp-block-column-is-layout-flow\">\n<ul class=\"wp-block-list\">\n<li><strong>Pression admissible : 60KN\/m\u00b2<\/strong><\/li>\n\n\n\n<li><strong>Ergonomie max.: 11kg<\/strong><\/li>\n\n\n\n<li><strong>Montage rapide<\/strong><\/li>\n\n\n\n<li>Voile<\/li>\n\n\n\n<li>Poutre<\/li>\n\n\n\n<li>Longrine<\/li>\n\n\n\n<li>Clavetage<\/li>\n\n\n\n<li>Reprise en sous oeuvre<\/li>\n<\/ul>\n<\/div>\n<\/div>\n<\/div>\n\n\n\n<div class=\"wp-block-column has-cyan-bluish-gray-background-color has-background is-layout-flow wp-block-column-is-layout-flow\" style=\"border-top-left-radius:11px;border-top-right-radius:11px;border-bottom-left-radius:11px;border-bottom-right-radius:11px\">\n<h4 class=\"wp-block-heading has-text-align-center has-global-color-1-color has-text-color has-link-color has-large-font-size wp-elements-cb30227cede224c1667d183dc34219f2\">GEOTUB<\/h4>\n\n\n\n<div style=\"height:5px\" aria-hidden=\"true\" class=\"wp-block-spacer\"><\/div>\n\n\n\n<h6 class=\"wp-block-heading has-text-align-center has-global-color-6-color has-text-color has-link-color has-medium-font-size wp-elements-36896b4d3ad405a912b1be01fe554f7b\">Coffrage manuportable circulaire<\/h6>\n\n\n\n<figure class=\"wp-block-image aligncenter size-full is-resized\"><a href=\"https:\/\/dsmat.fr\/index.php\/coffrage-manuportable\/geotub\/\"><img loading=\"lazy\" decoding=\"async\" width=\"300\" height=\"300\" src=\"http:\/\/attbing.cluster121.hosting.ovh.net\/wp-content\/uploads\/2025\/12\/Geotub-300x300-2.png\" alt=\"\" class=\"wp-image-949\" style=\"width:163px\" srcset=\"https:\/\/dsmat.fr\/wp-content\/uploads\/2025\/12\/Geotub-300x300-2.png 300w, https:\/\/dsmat.fr\/wp-content\/uploads\/2025\/12\/Geotub-300x300-2-150x150.png 150w, https:\/\/dsmat.fr\/wp-content\/uploads\/2025\/12\/Geotub-300x300-2-230x230.png 230w\" sizes=\"auto, (max-width: 300px) 100vw, 300px\" \/><\/a><\/figure>\n\n\n\n<div class=\"wp-block-columns are-vertically-aligned-center is-layout-flex wp-container-core-columns-is-layout-28f84493 wp-block-columns-is-layout-flex\" style=\"border-top-left-radius:0px;border-top-right-radius:0px;border-bottom-left-radius:0px;border-bottom-right-radius:0px\">\n<div class=\"wp-block-column is-vertically-aligned-center is-layout-flow wp-block-column-is-layout-flow\">\n<div style=\"height:2px\" aria-hidden=\"true\" class=\"wp-block-spacer\"><\/div>\n\n\n\n<ul class=\"wp-block-list has-global-color-9-color has-text-color has-link-color wp-elements-dfc3788700c75ed73213ae654dbf5002\">\n<li class=\"has-black-color has-text-color has-link-color wp-elements-9324c4fe73a8b88377755f283e3ec6d9\">Diam\u00e8tre de 25 \u00e0 100cm<\/li>\n\n\n\n<li class=\"has-black-color has-text-color has-link-color wp-elements-4f1309aa9d4b767977103228a31de3bb\"><strong>Pression admissible : 80KN\/m\u00b2<\/strong><\/li>\n\n\n\n<li class=\"has-black-color has-text-color has-link-color wp-elements-d56ca108d6cbafb76a30376658400a89\"><strong>Ergonomie max.: 11kg<\/strong><\/li>\n\n\n\n<li class=\"has-black-color has-text-color has-link-color wp-elements-6d46a158fb5926ba4a1172cdef639baf\"><strong>Montage rapide<\/strong><\/li>\n\n\n\n<li class=\"has-black-color has-text-color has-link-color wp-elements-c3e5c5e3f67639e51bd39f015bc5abb4\">Poteau rond et oblong<\/li>\n\n\n\n<li class=\"has-black-color has-text-color has-link-color wp-elements-121f3ab42619838e409f85b7ce5db9a6\">Massif<\/li>\n\n\n\n<li class=\"has-black-color has-text-color has-link-color wp-elements-c50b66e83256fc9d4b65c7ba52fa6af3\">Pieds de pylone<\/li>\n\n\n\n<li class=\"has-black-color has-text-color has-link-color wp-elements-13be552a7734390e6b871e88015e4f7f\">Chemisage neuf<\/li>\n<\/ul>\n<\/div>\n<\/div>\n<\/div>\n\n\n\n<div class=\"wp-block-column has-cyan-bluish-gray-background-color has-background is-layout-flow wp-block-column-is-layout-flow\" style=\"border-top-left-radius:11px;border-top-right-radius:11px;border-bottom-left-radius:11px;border-bottom-right-radius:11px\">\n<h4 class=\"wp-block-heading has-text-align-center has-global-color-1-color has-text-color has-link-color has-large-font-size wp-elements-aecd53898fc92c75a574ebde2f8ba11a\">GEOPANEL STAR<\/h4>\n\n\n\n<h6 class=\"wp-block-heading has-text-align-center has-global-color-6-color has-text-color has-link-color has-medium-font-size wp-elements-ff3e38c5a16f5ce0199e24e4cc14dde4\">Coffrage manuportable r\u00e9glable<\/h6>\n\n\n\n<figure class=\"wp-block-image aligncenter size-full is-resized has-custom-border\"><a href=\"https:\/\/dsmat.fr\/index.php\/coffrage-manuportable\/geopanel-stra\/\"><img loading=\"lazy\" decoding=\"async\" width=\"300\" height=\"300\" src=\"http:\/\/attbing.cluster121.hosting.ovh.net\/wp-content\/uploads\/2025\/12\/Geopanel-Star-300x300-2.png\" alt=\"\" class=\"wp-image-950\" style=\"border-style:none;border-width:0px;width:163px\" srcset=\"https:\/\/dsmat.fr\/wp-content\/uploads\/2025\/12\/Geopanel-Star-300x300-2.png 300w, https:\/\/dsmat.fr\/wp-content\/uploads\/2025\/12\/Geopanel-Star-300x300-2-150x150.png 150w, https:\/\/dsmat.fr\/wp-content\/uploads\/2025\/12\/Geopanel-Star-300x300-2-230x230.png 230w\" sizes=\"auto, (max-width: 300px) 100vw, 300px\" \/><\/a><\/figure>\n\n\n\n<div style=\"height:10px\" aria-hidden=\"true\" class=\"wp-block-spacer\"><\/div>\n\n\n\n<div class=\"wp-block-columns is-layout-flex wp-container-core-columns-is-layout-65eef5bf wp-block-columns-is-layout-flex\" style=\"border-top-left-radius:11px;border-top-right-radius:11px;border-bottom-left-radius:11px;border-bottom-right-radius:11px\">\n<div class=\"wp-block-column is-vertically-aligned-center is-layout-flow wp-block-column-is-layout-flow\">\n<ul class=\"wp-block-list has-global-color-9-color has-text-color has-link-color wp-elements-6244101b9d014d856fa34eac4fec79f1\">\n<li class=\"has-black-color has-text-color has-link-color wp-elements-4f1309aa9d4b767977103228a31de3bb\"><strong>Pression admissible : 80KN\/m\u00b2<\/strong><\/li>\n\n\n\n<li class=\"has-global-color-6-color has-text-color has-link-color wp-elements-c3c80195867a413867762b8713efaf22\"><strong>Ergonomie max.: 11kg<\/strong><\/li>\n\n\n\n<li class=\"has-global-color-6-color has-text-color has-link-color wp-elements-8f9d650898228b7101c1ae4b48f8629e\"><strong>Montage rapide<\/strong><\/li>\n\n\n\n<li class=\"has-global-color-6-color has-text-color has-link-color wp-elements-6d370bd0f175baf24d782c3a8d7e89bf\">Aile de moulin r\u00e9glable<\/li>\n\n\n\n<li class=\"has-global-color-6-color has-text-color has-link-color wp-elements-990f955116c6f0d0555f7c03272d6b45\">Poteaucarr\u00e9\/rectangulaire<\/li>\n\n\n\n<li class=\"has-global-color-6-color has-text-color has-link-color wp-elements-ae78a24892708a9225b6a9b55c7a894b\">Massif, t\u00eate de pieux, etc<\/li>\n\n\n\n<li class=\"has-global-color-6-color has-text-color has-link-color wp-elements-3c3b597d5bf32f2c553bed7fc4ae1732\">Chemisage ou neuf<\/li>\n<\/ul>\n<\/div>\n<\/div>\n<\/div>\n\n\n\n<div class=\"wp-block-column has-cyan-bluish-gray-background-color has-background is-layout-flow wp-block-column-is-layout-flow\" style=\"border-top-left-radius:11px;border-top-right-radius:11px;border-bottom-left-radius:11px;border-bottom-right-radius:11px\">\n<h4 class=\"wp-block-heading has-text-align-center has-global-color-1-color has-text-color has-link-color has-large-font-size wp-elements-e5f6e5a366e4f636a05ba94febe6eaa3\">GEOTUB PANEL<\/h4>\n\n\n\n<h6 class=\"wp-block-heading has-text-align-center has-global-color-6-color has-text-color has-link-color has-medium-font-size wp-elements-cb2bfdd8a289ab1e8a09a80d0f2a9a70\">Coffrage manuportable fixe<\/h6>\n\n\n\n<figure class=\"wp-block-image aligncenter size-full is-resized\"><a href=\"https:\/\/dsmat.fr\/index.php\/coffrage-manuportable\/geotub-panel\/\"><img loading=\"lazy\" decoding=\"async\" width=\"300\" height=\"300\" src=\"http:\/\/attbing.cluster121.hosting.ovh.net\/wp-content\/uploads\/2025\/12\/Geotub-Panel-300x300-2.png\" alt=\"\" class=\"wp-image-951\" style=\"width:163px;height:auto\" srcset=\"https:\/\/dsmat.fr\/wp-content\/uploads\/2025\/12\/Geotub-Panel-300x300-2.png 300w, https:\/\/dsmat.fr\/wp-content\/uploads\/2025\/12\/Geotub-Panel-300x300-2-150x150.png 150w, https:\/\/dsmat.fr\/wp-content\/uploads\/2025\/12\/Geotub-Panel-300x300-2-230x230.png 230w\" sizes=\"auto, (max-width: 300px) 100vw, 300px\" \/><\/a><\/figure>\n\n\n\n<div style=\"height:10px\" aria-hidden=\"true\" class=\"wp-block-spacer\"><\/div>\n\n\n\n<div class=\"wp-block-columns are-vertically-aligned-center is-layout-flex wp-container-core-columns-is-layout-65eef5bf wp-block-columns-is-layout-flex\" style=\"border-top-left-radius:11px;border-top-right-radius:11px;border-bottom-left-radius:11px;border-bottom-right-radius:11px\">\n<div class=\"wp-block-column is-vertically-aligned-center is-layout-flow wp-block-column-is-layout-flow\">\n<ul class=\"wp-block-list has-global-color-9-color has-text-color has-link-color wp-elements-723fa5888ee10cc83ea71a56cc96486f\">\n<li class=\"has-black-color has-text-color has-link-color wp-elements-36ad78d8cc6433021e946b6415e39514\"><strong>Pression admissible : 60KN\/m\u00b2<\/strong><\/li>\n\n\n\n<li class=\"has-black-color has-text-color has-link-color wp-elements-8096798df3f3f5b53f3a668d86bc88a8\"><strong>Ergonomie max.: 7,5kg<\/strong><\/li>\n\n\n\n<li class=\"has-black-color has-text-color has-link-color wp-elements-6d46a158fb5926ba4a1172cdef639baf\"><strong>Montage rapide<\/strong><\/li>\n\n\n\n<li class=\"has-black-color has-text-color has-link-color wp-elements-6fbf2b50803fe41122b1265cc06d847e\">De 20 \u00e0 60 cm de c\u00f4t\u00e9<\/li>\n\n\n\n<li class=\"has-black-color has-text-color has-link-color wp-elements-29555f791fc05a164dd3ac5cc8223dd3\">Hauteur max de 3m<\/li>\n\n\n\n<li class=\"has-black-color has-text-color has-link-color wp-elements-573248eb701ea2584a929f7203a4d887\">Chanfrein int\u00e9gr\u00e9<\/li>\n<\/ul>\n<\/div>\n<\/div>\n<\/div>\n<\/div>\n","protected":false},"excerpt":{"rendered":"<p>Coffrages 100% recycl\u00e9, 100% recyclable GEOPANEL Coffrage manuportable droit GEOTUB Coffrage manuportable circulaire GEOPANEL STAR Coffrage manuportable r\u00e9glable GEOTUB PANEL Coffrage manuportable fixe<\/p>\n","protected":false},"author":1,"featured_media":0,"parent":0,"menu_order":3,"comment_status":"closed","ping_status":"closed","template":"","meta":{"footnotes":""},"class_list":["post-8","page","type-page","status-publish","hentry"],"_links":{"self":[{"href":"https:\/\/dsmat.fr\/index.php\/wp-json\/wp\/v2\/pages\/8","targetHints":{"allow":["GET"]}}],"collection":[{"href":"https:\/\/dsmat.fr\/index.php\/wp-json\/wp\/v2\/pages"}],"about":[{"href":"https:\/\/dsmat.fr\/index.php\/wp-json\/wp\/v2\/types\/page"}],"author":[{"embeddable":true,"href":"https:\/\/dsmat.fr\/index.php\/wp-json\/wp\/v2\/users\/1"}],"replies":[{"embeddable":true,"href":"https:\/\/dsmat.fr\/index.php\/wp-json\/wp\/v2\/comments?post=8"}],"version-history":[{"count":72,"href":"https:\/\/dsmat.fr\/index.php\/wp-json\/wp\/v2\/pages\/8\/revisions"}],"predecessor-version":[{"id":2368,"href":"https:\/\/dsmat.fr\/index.php\/wp-json\/wp\/v2\/pages\/8\/revisions\/2368"}],"wp:attachment":[{"href":"https:\/\/dsmat.fr\/index.php\/wp-json\/wp\/v2\/media?parent=8"}],"curies":[{"name":"wp","href":"https:\/\/api.w.org\/{rel}","templated":true}]}}