{"id":757,"date":"2025-12-10T11:02:09","date_gmt":"2025-12-10T11:02:09","guid":{"rendered":"http:\/\/attbing.cluster121.hosting.ovh.net\/?page_id=757"},"modified":"2026-03-30T11:45:11","modified_gmt":"2026-03-30T11:45:11","slug":"elevator-elevator-max","status":"publish","type":"page","link":"https:\/\/dsmat.fr\/index.php\/coffrage-perdu\/elevator-elevator-max\/","title":{"rendered":"ELEVETOR"},"content":{"rendered":"\n<div style=\"height:30px\" aria-hidden=\"true\" class=\"wp-block-spacer\"><\/div>\n\n\n\n<div class=\"wp-block-group alignwide has-global-padding is-content-justification-center is-layout-constrained wp-block-group-is-layout-constrained\">\n<div class=\"wp-block-group is-content-justification-center is-layout-flex wp-container-core-group-is-layout-b02886af wp-block-group-is-layout-flex\"><h1 style=\"font-size:50px;\" class=\"has-text-align-center wp-block-post-title\">ELEVETOR<\/h1>\n\n\n<figure class=\"wp-block-image aligncenter size-full is-resized\"><img loading=\"lazy\" decoding=\"async\" width=\"933\" height=\"210\" src=\"http:\/\/attbing.cluster121.hosting.ovh.net\/wp-content\/uploads\/2025\/12\/GEO-2.png\" alt=\"\" class=\"wp-image-1096\" style=\"aspect-ratio:4.442882249560633;width:89px;height:auto\" srcset=\"https:\/\/dsmat.fr\/wp-content\/uploads\/2025\/12\/GEO-2.png 933w, https:\/\/dsmat.fr\/wp-content\/uploads\/2025\/12\/GEO-2-300x68.png 300w, https:\/\/dsmat.fr\/wp-content\/uploads\/2025\/12\/GEO-2-768x173.png 768w, https:\/\/dsmat.fr\/wp-content\/uploads\/2025\/12\/GEO-2-230x52.png 230w, https:\/\/dsmat.fr\/wp-content\/uploads\/2025\/12\/GEO-2-350x79.png 350w, https:\/\/dsmat.fr\/wp-content\/uploads\/2025\/12\/GEO-2-480x108.png 480w\" sizes=\"auto, (max-width: 933px) 100vw, 933px\" \/><\/figure>\n\n\n\n<div class=\"wp-block-buttons is-content-justification-center is-layout-flex wp-container-core-buttons-is-layout-b5994976 wp-block-buttons-is-layout-flex\">\n<div class=\"wp-block-button\"><a class=\"wp-block-button__link wp-element-button\" href=\"https:\/\/dsmat.fr\/wp-content\/uploads\/2026\/01\/Geoplast-Fondations-Catalogue-French.pdf\">t\u00e9l\u00e9charger le catalogue<\/a><\/div>\n<\/div>\n<\/div>\n<\/div>\n\n\n\n<div style=\"height:30px\" aria-hidden=\"true\" class=\"wp-block-spacer\"><\/div>\n\n\n\n<hr class=\"wp-block-separator has-text-color has-global-color-2-color has-alpha-channel-opacity has-global-color-2-background-color has-background\"\/>\n\n\n\n<div style=\"height:30px\" aria-hidden=\"true\" class=\"wp-block-spacer\"><\/div>\n\n\n\n<div class=\"wp-block-columns are-vertically-aligned-center is-layout-flex wp-container-core-columns-is-layout-28f84493 wp-block-columns-is-layout-flex\">\n<div class=\"wp-block-column is-vertically-aligned-center is-layout-flow wp-block-column-is-layout-flow\">\n<figure class=\"wp-block-image aligncenter size-full is-resized\"><img loading=\"lazy\" decoding=\"async\" width=\"300\" height=\"300\" src=\"http:\/\/attbing.cluster121.hosting.ovh.net\/wp-content\/uploads\/2025\/12\/New-Elevetor-300x300-1.png\" alt=\"elevator ds mat\" class=\"wp-image-936\" style=\"width:251px;height:auto\" srcset=\"https:\/\/dsmat.fr\/wp-content\/uploads\/2025\/12\/New-Elevetor-300x300-1.png 300w, https:\/\/dsmat.fr\/wp-content\/uploads\/2025\/12\/New-Elevetor-300x300-1-150x150.png 150w, https:\/\/dsmat.fr\/wp-content\/uploads\/2025\/12\/New-Elevetor-300x300-1-230x230.png 230w\" sizes=\"auto, (max-width: 300px) 100vw, 300px\" \/><\/figure>\n<\/div>\n\n\n\n<div class=\"wp-block-column is-vertically-aligned-center is-layout-flow wp-block-column-is-layout-flow\">\n<figure class=\"wp-block-image size-full\"><img loading=\"lazy\" decoding=\"async\" width=\"1240\" height=\"500\" src=\"https:\/\/dsmat.fr\/wp-content\/uploads\/2026\/03\/Elevetor-3D.jpg\" alt=\"\" class=\"wp-image-2386\" srcset=\"https:\/\/dsmat.fr\/wp-content\/uploads\/2026\/03\/Elevetor-3D.jpg 1240w, https:\/\/dsmat.fr\/wp-content\/uploads\/2026\/03\/Elevetor-3D-300x121.jpg 300w, https:\/\/dsmat.fr\/wp-content\/uploads\/2026\/03\/Elevetor-3D-1024x413.jpg 1024w, https:\/\/dsmat.fr\/wp-content\/uploads\/2026\/03\/Elevetor-3D-768x310.jpg 768w, https:\/\/dsmat.fr\/wp-content\/uploads\/2026\/03\/Elevetor-3D-1000x403.jpg 1000w, https:\/\/dsmat.fr\/wp-content\/uploads\/2026\/03\/Elevetor-3D-230x93.jpg 230w, https:\/\/dsmat.fr\/wp-content\/uploads\/2026\/03\/Elevetor-3D-350x141.jpg 350w, https:\/\/dsmat.fr\/wp-content\/uploads\/2026\/03\/Elevetor-3D-480x194.jpg 480w\" sizes=\"auto, (max-width: 1240px) 100vw, 1240px\" \/><\/figure>\n<\/div>\n<\/div>\n\n\n\n<div style=\"height:25px\" aria-hidden=\"true\" class=\"wp-block-spacer\"><\/div>\n\n\n\n<p><strong>ELEVETOR<\/strong> est un syst\u00e8me de coffrage perdu en polypropyl\u00e8ne sp\u00e9cialement con\u00e7u pour la cr\u00e9ation de plancher sur\u00e9lev\u00e9s en b\u00e9ton arm\u00e9 jusqu\u2019\u00e0 3m de hauteur.&nbsp; Il est aussi utilisable pour des rattrapages de niveaux \u00e9vitant du remblai et donc diminuant le poids sur la structure du b\u00e2timent. Il peut aussi \u00eatre utilis\u00e9 pour des bassins de r\u00e9tention d\u2019eau en b\u00e9ton. Grace aux tubes qui sont coup\u00e9es a dimension vous pouvez cr\u00e9er des rampes d\u2019acc\u00e8s sur des b\u00e2timents.&nbsp;<\/p>\n\n\n\n<p class=\"has-medium-font-size\"><strong>Applications possibles<\/strong><\/p>\n\n\n\n<p>ELEVETOR convient pour de nombreux d\u00e9fis sur tous les types de chantiers :<\/p>\n\n\n\n<ul class=\"wp-block-list\">\n<li>Maisons individuelles, b\u00e2timents r\u00e9sidentiels, b\u00e2timents scolaires, industriels, tertiaires<\/li>\n\n\n\n<li>Travaux de r\u00e9novation et r\u00e9habilitation avec des rattrapages de niveau<\/li>\n\n\n\n<li>Rampes, marches, gradins, rehausse de quai, etc..<\/li>\n\n\n\n<li>Vides sanitaires ventil\u00e9s pour l\u2019humidit\u00e9 et les gaz comme le radon.<\/li>\n\n\n\n<li>Locaux techniques, vides technique pour r\u00e9seaux,&nbsp;<\/li>\n\n\n\n<li>Projets de construction dans des zones inondables, bassin de r\u00e9tention d\u2019eau<\/li>\n\n\n\n<li>R\u00e9hausse de fond des piscines, ou comblement.<\/li>\n<\/ul>\n\n\n\n<p class=\"has-medium-font-size\"><strong>Pourquoi choisir ELEVETOR ?<\/strong><\/p>\n\n\n\n<ul class=\"wp-block-list\">\n<li><strong>Respect de l\u2019environnement<\/strong> : 100% recycl\u00e9, 100% recyclable.<\/li>\n<\/ul>\n\n\n\n<ul class=\"wp-block-list\">\n<li><strong>Gain de temps &amp; co\u00fbt<\/strong> : pose rapide, et intuitive<\/li>\n<\/ul>\n\n\n\n<ul class=\"wp-block-list\">\n<li><strong>Performance structurelle<\/strong> : charge \u00e9lev\u00e9e, bonne r\u00e9partition des efforts gr\u00e2ce \u00e0 la forme et au mat\u00e9riau.<\/li>\n<\/ul>\n\n\n\n<ul class=\"wp-block-list\">\n<li><strong>Accessibilit\u00e9&nbsp;: <\/strong>Vide visitable.<\/li>\n<\/ul>\n\n\n\n<div style=\"height:25px\" aria-hidden=\"true\" class=\"wp-block-spacer\"><\/div>\n\n\n\n<div class=\"wp-block-columns are-vertically-aligned-center is-layout-flex wp-container-core-columns-is-layout-28f84493 wp-block-columns-is-layout-flex\">\n<div class=\"wp-block-column is-vertically-aligned-center is-layout-flow wp-block-column-is-layout-flow\">\n<figure class=\"wp-block-image size-full\"><img loading=\"lazy\" decoding=\"async\" width=\"1536\" height=\"1024\" src=\"http:\/\/attbing.cluster121.hosting.ovh.net\/wp-content\/uploads\/2026\/01\/Elevator-4.png\" alt=\"elevator ds mat\" class=\"wp-image-1730\" srcset=\"https:\/\/dsmat.fr\/wp-content\/uploads\/2026\/01\/Elevator-4.png 1536w, https:\/\/dsmat.fr\/wp-content\/uploads\/2026\/01\/Elevator-4-300x200.png 300w, https:\/\/dsmat.fr\/wp-content\/uploads\/2026\/01\/Elevator-4-1024x683.png 1024w, https:\/\/dsmat.fr\/wp-content\/uploads\/2026\/01\/Elevator-4-768x512.png 768w, https:\/\/dsmat.fr\/wp-content\/uploads\/2026\/01\/Elevator-4-1000x667.png 1000w, https:\/\/dsmat.fr\/wp-content\/uploads\/2026\/01\/Elevator-4-230x153.png 230w, https:\/\/dsmat.fr\/wp-content\/uploads\/2026\/01\/Elevator-4-350x233.png 350w, https:\/\/dsmat.fr\/wp-content\/uploads\/2026\/01\/Elevator-4-480x320.png 480w\" sizes=\"auto, (max-width: 1536px) 100vw, 1536px\" \/><\/figure>\n<\/div>\n\n\n\n<div class=\"wp-block-column is-vertically-aligned-center is-layout-flow wp-block-column-is-layout-flow\">\n<figure class=\"wp-block-image size-full\"><img loading=\"lazy\" decoding=\"async\" width=\"766\" height=\"504\" src=\"https:\/\/dsmat.fr\/wp-content\/uploads\/2026\/02\/Elevator-3.jpg\" alt=\"elevator ds mat\" class=\"wp-image-2225\" srcset=\"https:\/\/dsmat.fr\/wp-content\/uploads\/2026\/02\/Elevator-3.jpg 766w, https:\/\/dsmat.fr\/wp-content\/uploads\/2026\/02\/Elevator-3-300x197.jpg 300w, https:\/\/dsmat.fr\/wp-content\/uploads\/2026\/02\/Elevator-3-230x151.jpg 230w, https:\/\/dsmat.fr\/wp-content\/uploads\/2026\/02\/Elevator-3-350x230.jpg 350w, https:\/\/dsmat.fr\/wp-content\/uploads\/2026\/02\/Elevator-3-480x316.jpg 480w\" sizes=\"auto, (max-width: 766px) 100vw, 766px\" \/><\/figure>\n<\/div>\n\n\n\n<div class=\"wp-block-column is-vertically-aligned-center is-layout-flow wp-block-column-is-layout-flow\">\n<figure class=\"wp-block-image size-full\"><img loading=\"lazy\" decoding=\"async\" width=\"768\" height=\"519\" src=\"https:\/\/dsmat.fr\/wp-content\/uploads\/2026\/02\/Elevator-4.jpg\" alt=\"elevator ds mat\" class=\"wp-image-2226\" srcset=\"https:\/\/dsmat.fr\/wp-content\/uploads\/2026\/02\/Elevator-4.jpg 768w, https:\/\/dsmat.fr\/wp-content\/uploads\/2026\/02\/Elevator-4-300x203.jpg 300w, https:\/\/dsmat.fr\/wp-content\/uploads\/2026\/02\/Elevator-4-230x155.jpg 230w, https:\/\/dsmat.fr\/wp-content\/uploads\/2026\/02\/Elevator-4-350x237.jpg 350w, https:\/\/dsmat.fr\/wp-content\/uploads\/2026\/02\/Elevator-4-480x324.jpg 480w\" sizes=\"auto, (max-width: 768px) 100vw, 768px\" \/><\/figure>\n<\/div>\n<\/div>\n\n\n\n<p><\/p>\n","protected":false},"excerpt":{"rendered":"<p>ELEVETOR est un syst\u00e8me de coffrage perdu en polypropyl\u00e8ne sp\u00e9cialement con\u00e7u pour la cr\u00e9ation de plancher sur\u00e9lev\u00e9s en b\u00e9ton arm\u00e9 jusqu\u2019\u00e0 3m de hauteur.&nbsp; Il [&hellip;]<\/p>\n","protected":false},"author":1,"featured_media":0,"parent":9,"menu_order":3,"comment_status":"closed","ping_status":"closed","template":"page-templates\/page_fullwidth.php","meta":{"footnotes":""},"class_list":["post-757","page","type-page","status-publish","hentry"],"_links":{"self":[{"href":"https:\/\/dsmat.fr\/index.php\/wp-json\/wp\/v2\/pages\/757","targetHints":{"allow":["GET"]}}],"collection":[{"href":"https:\/\/dsmat.fr\/index.php\/wp-json\/wp\/v2\/pages"}],"about":[{"href":"https:\/\/dsmat.fr\/index.php\/wp-json\/wp\/v2\/types\/page"}],"author":[{"embeddable":true,"href":"https:\/\/dsmat.fr\/index.php\/wp-json\/wp\/v2\/users\/1"}],"replies":[{"embeddable":true,"href":"https:\/\/dsmat.fr\/index.php\/wp-json\/wp\/v2\/comments?post=757"}],"version-history":[{"count":27,"href":"https:\/\/dsmat.fr\/index.php\/wp-json\/wp\/v2\/pages\/757\/revisions"}],"predecessor-version":[{"id":2387,"href":"https:\/\/dsmat.fr\/index.php\/wp-json\/wp\/v2\/pages\/757\/revisions\/2387"}],"up":[{"embeddable":true,"href":"https:\/\/dsmat.fr\/index.php\/wp-json\/wp\/v2\/pages\/9"}],"wp:attachment":[{"href":"https:\/\/dsmat.fr\/index.php\/wp-json\/wp\/v2\/media?parent=757"}],"curies":[{"name":"wp","href":"https:\/\/api.w.org\/{rel}","templated":true}]}}