{"id":724,"date":"2025-12-10T09:16:22","date_gmt":"2025-12-10T09:16:22","guid":{"rendered":"http:\/\/attbing.cluster121.hosting.ovh.net\/?page_id=724"},"modified":"2026-02-16T13:17:25","modified_gmt":"2026-02-16T13:17:25","slug":"geotub-panel","status":"publish","type":"page","link":"https:\/\/dsmat.fr\/index.php\/coffrage-manuportable\/geotub-panel\/","title":{"rendered":"GEOTUB\nPANEL"},"content":{"rendered":"\n<div style=\"height:30px\" aria-hidden=\"true\" class=\"wp-block-spacer\"><\/div>\n\n\n\n<div class=\"wp-block-group alignwide has-global-padding is-content-justification-center is-layout-constrained wp-block-group-is-layout-constrained\">\n<div class=\"wp-block-group is-content-justification-center is-layout-flex wp-container-core-group-is-layout-b02886af wp-block-group-is-layout-flex\"><h1 style=\"font-size:40px;\" class=\"wp-block-post-title\">GEOTUB\nPANEL<\/h1>\n\n\n<figure class=\"wp-block-image aligncenter size-full is-resized\"><img loading=\"lazy\" decoding=\"async\" width=\"933\" height=\"210\" src=\"https:\/\/dsmat.fr\/wp-content\/uploads\/2025\/12\/GEO-2.png\" alt=\"\" class=\"wp-image-1096\" style=\"aspect-ratio:4.442882249560633;width:89px;height:auto\" srcset=\"https:\/\/dsmat.fr\/wp-content\/uploads\/2025\/12\/GEO-2.png 933w, https:\/\/dsmat.fr\/wp-content\/uploads\/2025\/12\/GEO-2-300x68.png 300w, https:\/\/dsmat.fr\/wp-content\/uploads\/2025\/12\/GEO-2-768x173.png 768w, https:\/\/dsmat.fr\/wp-content\/uploads\/2025\/12\/GEO-2-230x52.png 230w, https:\/\/dsmat.fr\/wp-content\/uploads\/2025\/12\/GEO-2-350x79.png 350w, https:\/\/dsmat.fr\/wp-content\/uploads\/2025\/12\/GEO-2-480x108.png 480w\" sizes=\"auto, (max-width: 933px) 100vw, 933px\" \/><\/figure>\n\n\n\n<div class=\"wp-block-buttons is-content-justification-center is-layout-flex wp-container-core-buttons-is-layout-b5994976 wp-block-buttons-is-layout-flex\">\n<div class=\"wp-block-button\"><a class=\"wp-block-button__link wp-element-button\" href=\"https:\/\/dsmat.fr\/wp-content\/uploads\/2026\/01\/Geoplast-Coffrage-Catalog-France-1.pdf\">t\u00e9l\u00e9charger le catalogue<\/a><\/div>\n<\/div>\n<\/div>\n<\/div>\n\n\n\n<div style=\"height:30px\" aria-hidden=\"true\" class=\"wp-block-spacer\"><\/div>\n\n\n\n<hr class=\"wp-block-separator has-text-color has-global-color-2-color has-alpha-channel-opacity has-global-color-2-background-color has-background\"\/>\n\n\n\n<div style=\"height:25px\" aria-hidden=\"true\" class=\"wp-block-spacer\"><\/div>\n\n\n\n<div class=\"wp-block-columns are-vertically-aligned-center is-layout-flex wp-container-core-columns-is-layout-28f84493 wp-block-columns-is-layout-flex\">\n<div class=\"wp-block-column is-vertically-aligned-center is-layout-flow wp-block-column-is-layout-flow\">\n<figure class=\"wp-block-image aligncenter size-full is-resized\"><img loading=\"lazy\" decoding=\"async\" width=\"300\" height=\"300\" src=\"http:\/\/attbing.cluster121.hosting.ovh.net\/wp-content\/uploads\/2025\/12\/Geotub-Panel-300x300-2.png\" alt=\"geotub panel ds mat\" class=\"wp-image-951\" style=\"width:auto;height:300px\" srcset=\"https:\/\/dsmat.fr\/wp-content\/uploads\/2025\/12\/Geotub-Panel-300x300-2.png 300w, https:\/\/dsmat.fr\/wp-content\/uploads\/2025\/12\/Geotub-Panel-300x300-2-150x150.png 150w, https:\/\/dsmat.fr\/wp-content\/uploads\/2025\/12\/Geotub-Panel-300x300-2-230x230.png 230w\" sizes=\"auto, (max-width: 300px) 100vw, 300px\" \/><\/figure>\n<\/div>\n\n\n\n<div class=\"wp-block-column is-vertically-aligned-center is-layout-flow wp-block-column-is-layout-flow\">\n<figure class=\"wp-block-image aligncenter size-full\"><img loading=\"lazy\" decoding=\"async\" width=\"1017\" height=\"1359\" src=\"https:\/\/dsmat.fr\/wp-content\/uploads\/2026\/02\/Geotub-panelee.png\" alt=\"geotub panel ds mat\" class=\"wp-image-2277\" srcset=\"https:\/\/dsmat.fr\/wp-content\/uploads\/2026\/02\/Geotub-panelee.png 1017w, https:\/\/dsmat.fr\/wp-content\/uploads\/2026\/02\/Geotub-panelee-225x300.png 225w, https:\/\/dsmat.fr\/wp-content\/uploads\/2026\/02\/Geotub-panelee-766x1024.png 766w, https:\/\/dsmat.fr\/wp-content\/uploads\/2026\/02\/Geotub-panelee-768x1026.png 768w, https:\/\/dsmat.fr\/wp-content\/uploads\/2026\/02\/Geotub-panelee-1000x1336.png 1000w, https:\/\/dsmat.fr\/wp-content\/uploads\/2026\/02\/Geotub-panelee-230x307.png 230w, https:\/\/dsmat.fr\/wp-content\/uploads\/2026\/02\/Geotub-panelee-350x468.png 350w, https:\/\/dsmat.fr\/wp-content\/uploads\/2026\/02\/Geotub-panelee-480x641.png 480w\" sizes=\"auto, (max-width: 1017px) 100vw, 1017px\" \/><\/figure>\n<\/div>\n\n\n\n<div class=\"wp-block-column is-vertically-aligned-center is-layout-flow wp-block-column-is-layout-flow\">\n<figure class=\"wp-block-image aligncenter size-full\"><img loading=\"lazy\" decoding=\"async\" width=\"499\" height=\"670\" src=\"http:\/\/attbing.cluster121.hosting.ovh.net\/wp-content\/uploads\/2026\/01\/Geotub-panel-5.jpeg\" alt=\"geotub panel ds mat\" class=\"wp-image-1699\" srcset=\"https:\/\/dsmat.fr\/wp-content\/uploads\/2026\/01\/Geotub-panel-5.jpeg 499w, https:\/\/dsmat.fr\/wp-content\/uploads\/2026\/01\/Geotub-panel-5-223x300.jpeg 223w, https:\/\/dsmat.fr\/wp-content\/uploads\/2026\/01\/Geotub-panel-5-230x309.jpeg 230w, https:\/\/dsmat.fr\/wp-content\/uploads\/2026\/01\/Geotub-panel-5-350x470.jpeg 350w, https:\/\/dsmat.fr\/wp-content\/uploads\/2026\/01\/Geotub-panel-5-480x644.jpeg 480w\" sizes=\"auto, (max-width: 499px) 100vw, 499px\" \/><\/figure>\n<\/div>\n<\/div>\n\n\n\n<div style=\"height:25px\" aria-hidden=\"true\" class=\"wp-block-spacer\"><\/div>\n\n\n\n<p class=\"is-style-default has-medium-font-size\"><strong>Coffrage GEOTUB PANEL \u2013 La solution simple et efficace pour poteaux carr\u00e9s et rectangulaires<\/strong><\/p>\n\n\n\n<p>Le coffrage <strong>GEOTUB PANEL<\/strong> est un coffrage en plastique ABS haute r\u00e9sistance. Il est compos\u00e9 de 4 faces non r\u00e9glable. Con\u00e7u pour la r\u00e9alisation de poteaux et massifs carr\u00e9s ou rectangulaires avec chanfreins int\u00e9gr\u00e9s<strong>. <\/strong>55 combinaisons sont possibles. &nbsp;<\/p>\n\n\n\n<p class=\"has-medium-font-size\"><strong>Pourquoi choisir GEOTUB PANEL ?<\/strong><\/p>\n\n\n\n<ul class=\"wp-block-list\">\n<li><strong>L\u00e9ger et maniable : <\/strong>chaque panneau peut \u00eatre d\u00e9plac\u00e9 \u00e0 la main, sans engin de levage.<\/li>\n\n\n\n<li><strong>TMS&nbsp;:<\/strong> El\u00e9ment le plus lourd <strong>7,02kg<\/strong>, la manipulation est simple et ergonomique, limitant la fatigue et contribuant \u00e0 <strong>r\u00e9duire le risque de troubles musculosquelettiques<\/strong><\/li>\n\n\n\n<li><strong>Montage rapide<\/strong> : un syst\u00e8me de verrouillage simple gr\u00e2ce \u00e0 notre poign\u00e9e type quart de tour.<\/li>\n\n\n\n<li><strong>\u00c9conomique et r\u00e9utilisable<\/strong> :&nbsp; Les coffrages peuvent \u00eatre r\u00e9utilis\u00e9s plus de 100 fois s&rsquo;ils sont correctement install\u00e9s et entretenus.<\/li>\n\n\n\n<li><strong>Robuste&nbsp;<\/strong>: pression b\u00e9ton admissible <strong>60KN\/m\u00b2<\/strong>.&nbsp;<\/li>\n\n\n\n<li><strong>Pratique&nbsp;: <\/strong>les chanfreins sont int\u00e9gr\u00e9s au coffrage.<\/li>\n\n\n\n<li><strong>Durable&nbsp;: <\/strong>fabriqu\u00e9 en plastique <strong>100% recycl\u00e9 et 100% recyclable<\/strong>, il participe activement \u00e0 la r\u00e9duction des d\u00e9chets dans le secteur du BTP.<\/li>\n<\/ul>\n\n\n\n<p class=\"is-style-default has-medium-font-size\"><strong>Une seule poign\u00e9e \u00bc de tour pour l\u2019ensemble de nos coffrages.<\/strong><\/p>\n\n\n\n<ul class=\"wp-block-list\">\n<li><strong>Facile&nbsp;:<\/strong> Prise en mains ergonomique, installation facile \u00bc tour.&nbsp;<\/li>\n<\/ul>\n\n\n\n<ul class=\"wp-block-list\">\n<li><strong>S\u00e9curit\u00e9&nbsp;:<\/strong> Couleur <strong>ROUGE <\/strong>pour un contraste sur le noir du coffrage, facilitant le contr\u00f4le visuel de la pr\u00e9sence des poign\u00e9es.<\/li>\n<\/ul>\n\n\n\n<ul class=\"wp-block-list\">\n<li><strong>Intuitif&nbsp;:<\/strong> Aucun outillage n\u00e9cessaire pour le montage et le d\u00e9montage.&nbsp;<\/li>\n<\/ul>\n\n\n\n<ul class=\"wp-block-list\">\n<li><strong>Robuste&nbsp;:<\/strong> r\u00e9sistance \u00e0 la traction de <strong>1,2T, <\/strong>pour un poids de <strong>100g\/<\/strong>poign\u00e9e.<\/li>\n<\/ul>\n\n\n\n<div style=\"height:25px\" aria-hidden=\"true\" class=\"wp-block-spacer\"><\/div>\n\n\n\n<div class=\"wp-block-columns are-vertically-aligned-center is-layout-flex wp-container-core-columns-is-layout-28f84493 wp-block-columns-is-layout-flex\">\n<div class=\"wp-block-column is-vertically-aligned-center is-layout-flow wp-block-column-is-layout-flow\">\n<figure class=\"wp-block-image size-full\"><img loading=\"lazy\" decoding=\"async\" width=\"1000\" height=\"797\" src=\"https:\/\/dsmat.fr\/wp-content\/uploads\/2026\/02\/Geotub-panel-300.jpeg\" alt=\"geotub panel ds mat\" class=\"wp-image-2279\" style=\"aspect-ratio:1.2547092547092547\" srcset=\"https:\/\/dsmat.fr\/wp-content\/uploads\/2026\/02\/Geotub-panel-300.jpeg 1000w, https:\/\/dsmat.fr\/wp-content\/uploads\/2026\/02\/Geotub-panel-300-300x239.jpeg 300w, https:\/\/dsmat.fr\/wp-content\/uploads\/2026\/02\/Geotub-panel-300-768x612.jpeg 768w, https:\/\/dsmat.fr\/wp-content\/uploads\/2026\/02\/Geotub-panel-300-230x183.jpeg 230w, https:\/\/dsmat.fr\/wp-content\/uploads\/2026\/02\/Geotub-panel-300-350x279.jpeg 350w, https:\/\/dsmat.fr\/wp-content\/uploads\/2026\/02\/Geotub-panel-300-480x383.jpeg 480w\" sizes=\"auto, (max-width: 1000px) 100vw, 1000px\" \/><\/figure>\n<\/div>\n\n\n\n<div class=\"wp-block-column is-vertically-aligned-center is-layout-flow wp-block-column-is-layout-flow\">\n<figure class=\"wp-block-image size-full\"><img loading=\"lazy\" decoding=\"async\" width=\"2560\" height=\"1920\" src=\"http:\/\/attbing.cluster121.hosting.ovh.net\/wp-content\/uploads\/2026\/01\/Geotub-Panel-1-scaled.jpg\" alt=\"geotub panel ds mat\" class=\"wp-image-1704\" srcset=\"https:\/\/dsmat.fr\/wp-content\/uploads\/2026\/01\/Geotub-Panel-1-scaled.jpg 2560w, https:\/\/dsmat.fr\/wp-content\/uploads\/2026\/01\/Geotub-Panel-1-300x225.jpg 300w\" sizes=\"auto, (max-width: 2560px) 100vw, 2560px\" \/><\/figure>\n<\/div>\n<\/div>\n\n\n\n<p><\/p>\n","protected":false},"excerpt":{"rendered":"<p>Coffrage GEOTUB PANEL \u2013 La solution simple et efficace pour poteaux carr\u00e9s et rectangulaires Le coffrage GEOTUB PANEL est un coffrage en plastique ABS haute [&hellip;]<\/p>\n","protected":false},"author":1,"featured_media":0,"parent":8,"menu_order":4,"comment_status":"closed","ping_status":"closed","template":"page-templates\/page_fullwidth.php","meta":{"footnotes":""},"class_list":["post-724","page","type-page","status-publish","hentry"],"_links":{"self":[{"href":"https:\/\/dsmat.fr\/index.php\/wp-json\/wp\/v2\/pages\/724","targetHints":{"allow":["GET"]}}],"collection":[{"href":"https:\/\/dsmat.fr\/index.php\/wp-json\/wp\/v2\/pages"}],"about":[{"href":"https:\/\/dsmat.fr\/index.php\/wp-json\/wp\/v2\/types\/page"}],"author":[{"embeddable":true,"href":"https:\/\/dsmat.fr\/index.php\/wp-json\/wp\/v2\/users\/1"}],"replies":[{"embeddable":true,"href":"https:\/\/dsmat.fr\/index.php\/wp-json\/wp\/v2\/comments?post=724"}],"version-history":[{"count":40,"href":"https:\/\/dsmat.fr\/index.php\/wp-json\/wp\/v2\/pages\/724\/revisions"}],"predecessor-version":[{"id":2284,"href":"https:\/\/dsmat.fr\/index.php\/wp-json\/wp\/v2\/pages\/724\/revisions\/2284"}],"up":[{"embeddable":true,"href":"https:\/\/dsmat.fr\/index.php\/wp-json\/wp\/v2\/pages\/8"}],"wp:attachment":[{"href":"https:\/\/dsmat.fr\/index.php\/wp-json\/wp\/v2\/media?parent=724"}],"curies":[{"name":"wp","href":"https:\/\/api.w.org\/{rel}","templated":true}]}}