{"id":718,"date":"2025-12-10T09:13:39","date_gmt":"2025-12-10T09:13:39","guid":{"rendered":"http:\/\/attbing.cluster121.hosting.ovh.net\/?page_id=718"},"modified":"2026-02-16T12:37:43","modified_gmt":"2026-02-16T12:37:43","slug":"geopanel-stra","status":"publish","type":"page","link":"https:\/\/dsmat.fr\/index.php\/coffrage-manuportable\/geopanel-stra\/","title":{"rendered":"GEOPANEL\nSTAR"},"content":{"rendered":"\n<div style=\"height:30px\" aria-hidden=\"true\" class=\"wp-block-spacer\"><\/div>\n\n\n\n<div class=\"wp-block-group alignwide has-global-padding is-content-justification-center is-layout-constrained wp-block-group-is-layout-constrained\">\n<div class=\"wp-block-group is-content-justification-center is-layout-flex wp-container-core-group-is-layout-b02886af wp-block-group-is-layout-flex\"><h1 style=\"font-size:50px;\" class=\"has-text-align-center wp-block-post-title\">GEOPANEL\nSTAR<\/h1>\n\n\n<figure class=\"wp-block-image aligncenter size-full is-resized\"><img loading=\"lazy\" decoding=\"async\" width=\"933\" height=\"210\" src=\"http:\/\/attbing.cluster121.hosting.ovh.net\/wp-content\/uploads\/2025\/12\/GEO-2.png\" alt=\"\" class=\"wp-image-1096\" style=\"aspect-ratio:4.442882249560633;width:89px;height:auto\" srcset=\"https:\/\/dsmat.fr\/wp-content\/uploads\/2025\/12\/GEO-2.png 933w, https:\/\/dsmat.fr\/wp-content\/uploads\/2025\/12\/GEO-2-300x68.png 300w, https:\/\/dsmat.fr\/wp-content\/uploads\/2025\/12\/GEO-2-768x173.png 768w, https:\/\/dsmat.fr\/wp-content\/uploads\/2025\/12\/GEO-2-230x52.png 230w, https:\/\/dsmat.fr\/wp-content\/uploads\/2025\/12\/GEO-2-350x79.png 350w, https:\/\/dsmat.fr\/wp-content\/uploads\/2025\/12\/GEO-2-480x108.png 480w\" sizes=\"auto, (max-width: 933px) 100vw, 933px\" \/><\/figure>\n\n\n\n<div class=\"wp-block-buttons is-content-justification-center is-layout-flex wp-container-core-buttons-is-layout-b5994976 wp-block-buttons-is-layout-flex\">\n<div class=\"wp-block-button\"><a class=\"wp-block-button__link wp-element-button\" href=\"https:\/\/dsmat.fr\/wp-content\/uploads\/2026\/01\/Geoplast-Coffrage-Catalog-France-1.pdf\">t\u00e9l\u00e9charger le catalogue<\/a><\/div>\n<\/div>\n<\/div>\n<\/div>\n\n\n\n<div style=\"height:30px\" aria-hidden=\"true\" class=\"wp-block-spacer\"><\/div>\n\n\n\n<hr class=\"wp-block-separator has-text-color has-global-color-2-color has-alpha-channel-opacity has-global-color-2-background-color has-background\"\/>\n\n\n\n<div style=\"height:30px\" aria-hidden=\"true\" class=\"wp-block-spacer\"><\/div>\n\n\n\n<div class=\"wp-block-columns are-vertically-aligned-center is-layout-flex wp-container-core-columns-is-layout-28f84493 wp-block-columns-is-layout-flex\">\n<div class=\"wp-block-column is-vertically-aligned-center is-layout-flow wp-block-column-is-layout-flow\">\n<figure class=\"wp-block-gallery has-nested-images columns-default is-cropped wp-block-gallery-1 is-layout-flex wp-block-gallery-is-layout-flex\">\n<figure class=\"wp-block-image aligncenter size-full\"><img loading=\"lazy\" decoding=\"async\" width=\"300\" height=\"300\" data-id=\"950\" src=\"http:\/\/attbing.cluster121.hosting.ovh.net\/wp-content\/uploads\/2025\/12\/Geopanel-Star-300x300-2.png\" alt=\"\" class=\"wp-image-950\" srcset=\"https:\/\/dsmat.fr\/wp-content\/uploads\/2025\/12\/Geopanel-Star-300x300-2.png 300w, https:\/\/dsmat.fr\/wp-content\/uploads\/2025\/12\/Geopanel-Star-300x300-2-150x150.png 150w, https:\/\/dsmat.fr\/wp-content\/uploads\/2025\/12\/Geopanel-Star-300x300-2-230x230.png 230w\" sizes=\"auto, (max-width: 300px) 100vw, 300px\" \/><\/figure>\n<\/figure>\n<\/div>\n\n\n\n<div class=\"wp-block-column is-vertically-aligned-center is-layout-flow wp-block-column-is-layout-flow\">\n<figure class=\"wp-block-gallery has-nested-images columns-default is-cropped wp-block-gallery-2 is-layout-flex wp-block-gallery-is-layout-flex\">\n<figure class=\"wp-block-image size-full\"><img loading=\"lazy\" decoding=\"async\" width=\"1512\" height=\"2016\" data-id=\"1682\" src=\"https:\/\/dsmat.fr\/wp-content\/uploads\/2026\/01\/Geopanel-Star-3.jpg\" alt=\"\" class=\"wp-image-1682\" srcset=\"https:\/\/dsmat.fr\/wp-content\/uploads\/2026\/01\/Geopanel-Star-3.jpg 1512w, https:\/\/dsmat.fr\/wp-content\/uploads\/2026\/01\/Geopanel-Star-3-225x300.jpg 225w, https:\/\/dsmat.fr\/wp-content\/uploads\/2026\/01\/Geopanel-Star-3-768x1024.jpg 768w, https:\/\/dsmat.fr\/wp-content\/uploads\/2026\/01\/Geopanel-Star-3-1152x1536.jpg 1152w, https:\/\/dsmat.fr\/wp-content\/uploads\/2026\/01\/Geopanel-Star-3-1000x1333.jpg 1000w, https:\/\/dsmat.fr\/wp-content\/uploads\/2026\/01\/Geopanel-Star-3-230x307.jpg 230w, https:\/\/dsmat.fr\/wp-content\/uploads\/2026\/01\/Geopanel-Star-3-350x467.jpg 350w, https:\/\/dsmat.fr\/wp-content\/uploads\/2026\/01\/Geopanel-Star-3-480x640.jpg 480w\" sizes=\"auto, (max-width: 1512px) 100vw, 1512px\" \/><\/figure>\n<\/figure>\n<\/div>\n\n\n\n<div class=\"wp-block-column is-vertically-aligned-center is-layout-flow wp-block-column-is-layout-flow\">\n<figure class=\"wp-block-gallery has-nested-images columns-default is-cropped wp-block-gallery-3 is-layout-flex wp-block-gallery-is-layout-flex\">\n<figure class=\"wp-block-image size-full\"><img loading=\"lazy\" decoding=\"async\" width=\"768\" height=\"1036\" data-id=\"2197\" src=\"https:\/\/dsmat.fr\/wp-content\/uploads\/2026\/02\/Geopanel-Star-5.jpg\" alt=\"\" class=\"wp-image-2197\" srcset=\"https:\/\/dsmat.fr\/wp-content\/uploads\/2026\/02\/Geopanel-Star-5.jpg 768w, https:\/\/dsmat.fr\/wp-content\/uploads\/2026\/02\/Geopanel-Star-5-222x300.jpg 222w, https:\/\/dsmat.fr\/wp-content\/uploads\/2026\/02\/Geopanel-Star-5-759x1024.jpg 759w, https:\/\/dsmat.fr\/wp-content\/uploads\/2026\/02\/Geopanel-Star-5-230x310.jpg 230w, https:\/\/dsmat.fr\/wp-content\/uploads\/2026\/02\/Geopanel-Star-5-350x472.jpg 350w, https:\/\/dsmat.fr\/wp-content\/uploads\/2026\/02\/Geopanel-Star-5-480x648.jpg 480w\" sizes=\"auto, (max-width: 768px) 100vw, 768px\" \/><\/figure>\n<\/figure>\n<\/div>\n<\/div>\n\n\n\n<div style=\"height:25px\" aria-hidden=\"true\" class=\"wp-block-spacer\"><\/div>\n\n\n\n<p class=\"is-style-default has-medium-font-size\"><strong>Coffrage GEOPANEL STAR \u2013 La flexibilit\u00e9 et la performance au service de vos chantiers<\/strong><\/p>\n\n\n\n<p>Le GEOPANEL STAR, coffrage r\u00e9glable connu aussi sous le nom <em>\u00ab aile de moulin \u00bb<\/em>, est une solution innovante en plastique ABS haute r\u00e9sistance. Sa conception allie polyvalence, productivit\u00e9, l\u00e9g\u00e8ret\u00e9 et durabilit\u00e9. Permettant la r\u00e9alisation de coffrages pour les massifs, poteaux, t\u00eate de pieux, etc\u2026 Tout en aidant les utilisateurs a respecter les TMS, la productivit\u00e9 et l\u2019\u00e9cologie.<\/p>\n\n\n\n<p class=\"has-medium-font-size\"><strong>Pourquoi choisir GEOPANEL STAR ?<\/strong><\/p>\n\n\n\n<ul class=\"wp-block-list\">\n<li><strong>L\u00e9ger et maniable : <\/strong>chaque panneau peut \u00eatre d\u00e9plac\u00e9 \u00e0 la main, sans engin de levage.<\/li>\n\n\n\n<li><strong>TMS&nbsp;:<\/strong> El\u00e9ment le plus lourd <strong>10,42kg<\/strong>, la manipulation est simple et ergonomique, limitant la fatigue et contribuant \u00e0 <strong>r\u00e9duire le risque de troubles musculosquelettiques<\/strong><\/li>\n\n\n\n<li><strong>Montage rapide<\/strong> : un syst\u00e8me de verrouillage simple gr\u00e2ce \u00e0 notre poign\u00e9e type quart de tour.<\/li>\n\n\n\n<li><strong>\u00c9conomique et r\u00e9utilisable<\/strong> :&nbsp; Les coffrages peuvent \u00eatre r\u00e9utilis\u00e9s plus de 100 fois s&rsquo;ils sont correctement install\u00e9s et entretenus.<\/li>\n\n\n\n<li><strong>Robuste&nbsp;<\/strong>: pression b\u00e9ton admissible <strong>80KN\/m\u00b2<\/strong>.<\/li>\n\n\n\n<li><strong>Polyvalent<\/strong> : Etant r\u00e9glable sont les utilisations sont nombreuses, pour les Massifs, les poteaux, les t\u00eates de pieux, champs photovolta\u00efque, d\u00e9s de catenaire, etc\u2026 carr\u00e9 ou rectangulaire.&nbsp;<\/li>\n\n\n\n<li><strong>Durable&nbsp;: <\/strong>fabriqu\u00e9 en plastique <strong>100% recycl\u00e9 et 100% recyclable<\/strong>, il participe activement \u00e0 la r\u00e9duction des d\u00e9chets dans le secteur du BTP.<\/li>\n<\/ul>\n\n\n\n<p class=\"is-style-default has-medium-font-size\"><strong>Une seule poign\u00e9e \u00bc de tour pour l\u2019ensemble de nos coffrages.<\/strong><\/p>\n\n\n\n<ul class=\"wp-block-list\">\n<li><strong>Facile&nbsp;:<\/strong> Prise en mains ergonomique, installation facile \u00bc tour.&nbsp;<\/li>\n<\/ul>\n\n\n\n<ul class=\"wp-block-list\">\n<li><strong>S\u00e9curit\u00e9&nbsp;:<\/strong> Couleur <strong>ROUGE <\/strong>pour un contraste sur le noir du coffrage, facilitant le contr\u00f4le visuel de la pr\u00e9sence des poign\u00e9es.<\/li>\n<\/ul>\n\n\n\n<ul class=\"wp-block-list\">\n<li><strong>Intuitif&nbsp;:<\/strong> Aucun outillage n\u00e9cessaire pour le montage et le d\u00e9montage.&nbsp;<\/li>\n<\/ul>\n\n\n\n<ul class=\"wp-block-list\">\n<li><strong>Robuste&nbsp;:<\/strong> r\u00e9sistance \u00e0 la traction de <strong>1,2T, <\/strong>pour un poids de <strong>100g\/<\/strong>poign\u00e9e.<\/li>\n<\/ul>\n\n\n\n<div style=\"height:25px\" aria-hidden=\"true\" class=\"wp-block-spacer\"><\/div>\n\n\n\n<div class=\"wp-block-columns are-vertically-aligned-bottom is-layout-flex wp-container-core-columns-is-layout-28f84493 wp-block-columns-is-layout-flex\">\n<div class=\"wp-block-column is-vertically-aligned-bottom is-layout-flow wp-block-column-is-layout-flow\">\n<figure class=\"wp-block-image size-full is-resized\"><img loading=\"lazy\" decoding=\"async\" width=\"2560\" height=\"1920\" src=\"http:\/\/attbing.cluster121.hosting.ovh.net\/wp-content\/uploads\/2026\/01\/Geopanel-Star-1-scaled.jpg\" alt=\"\" class=\"wp-image-1684\" style=\"width:auto;height:200px\" srcset=\"https:\/\/dsmat.fr\/wp-content\/uploads\/2026\/01\/Geopanel-Star-1-scaled.jpg 2560w, https:\/\/dsmat.fr\/wp-content\/uploads\/2026\/01\/Geopanel-Star-1-300x225.jpg 300w, https:\/\/dsmat.fr\/wp-content\/uploads\/2026\/01\/Geopanel-Star-1-1024x768.jpg 1024w, https:\/\/dsmat.fr\/wp-content\/uploads\/2026\/01\/Geopanel-Star-1-768x576.jpg 768w, https:\/\/dsmat.fr\/wp-content\/uploads\/2026\/01\/Geopanel-Star-1-1536x1152.jpg 1536w, https:\/\/dsmat.fr\/wp-content\/uploads\/2026\/01\/Geopanel-Star-1-2048x1536.jpg 2048w, https:\/\/dsmat.fr\/wp-content\/uploads\/2026\/01\/Geopanel-Star-1-1000x750.jpg 1000w, https:\/\/dsmat.fr\/wp-content\/uploads\/2026\/01\/Geopanel-Star-1-230x173.jpg 230w, https:\/\/dsmat.fr\/wp-content\/uploads\/2026\/01\/Geopanel-Star-1-350x263.jpg 350w, https:\/\/dsmat.fr\/wp-content\/uploads\/2026\/01\/Geopanel-Star-1-480x360.jpg 480w\" sizes=\"auto, (max-width: 2560px) 100vw, 2560px\" \/><\/figure>\n<\/div>\n\n\n\n<div class=\"wp-block-column is-vertically-aligned-bottom is-layout-flow wp-block-column-is-layout-flow\">\n<figure class=\"wp-block-image size-full is-resized\"><img loading=\"lazy\" decoding=\"async\" width=\"2560\" height=\"1920\" src=\"http:\/\/attbing.cluster121.hosting.ovh.net\/wp-content\/uploads\/2026\/01\/Geopanel-Star-2-scaled.jpg\" alt=\"\" class=\"wp-image-1685\" style=\"width:auto;height:200px\" srcset=\"https:\/\/dsmat.fr\/wp-content\/uploads\/2026\/01\/Geopanel-Star-2-scaled.jpg 2560w, https:\/\/dsmat.fr\/wp-content\/uploads\/2026\/01\/Geopanel-Star-2-300x225.jpg 300w, https:\/\/dsmat.fr\/wp-content\/uploads\/2026\/01\/Geopanel-Star-2-1024x768.jpg 1024w, https:\/\/dsmat.fr\/wp-content\/uploads\/2026\/01\/Geopanel-Star-2-768x576.jpg 768w, https:\/\/dsmat.fr\/wp-content\/uploads\/2026\/01\/Geopanel-Star-2-1536x1152.jpg 1536w, https:\/\/dsmat.fr\/wp-content\/uploads\/2026\/01\/Geopanel-Star-2-2048x1536.jpg 2048w, https:\/\/dsmat.fr\/wp-content\/uploads\/2026\/01\/Geopanel-Star-2-1000x750.jpg 1000w, https:\/\/dsmat.fr\/wp-content\/uploads\/2026\/01\/Geopanel-Star-2-230x173.jpg 230w, https:\/\/dsmat.fr\/wp-content\/uploads\/2026\/01\/Geopanel-Star-2-350x263.jpg 350w, https:\/\/dsmat.fr\/wp-content\/uploads\/2026\/01\/Geopanel-Star-2-480x360.jpg 480w\" sizes=\"auto, (max-width: 2560px) 100vw, 2560px\" \/><\/figure>\n<\/div>\n\n\n\n<div class=\"wp-block-column is-vertically-aligned-bottom is-layout-flow wp-block-column-is-layout-flow\">\n<figure class=\"wp-block-image size-full is-resized\"><img loading=\"lazy\" decoding=\"async\" width=\"2511\" height=\"2560\" src=\"http:\/\/attbing.cluster121.hosting.ovh.net\/wp-content\/uploads\/2026\/01\/Geopanel-Star-4-scaled.jpg\" alt=\"\" class=\"wp-image-1687\" style=\"object-fit:cover;width:180px;height:200px\" srcset=\"https:\/\/dsmat.fr\/wp-content\/uploads\/2026\/01\/Geopanel-Star-4-scaled.jpg 2511w, https:\/\/dsmat.fr\/wp-content\/uploads\/2026\/01\/Geopanel-Star-4-294x300.jpg 294w, https:\/\/dsmat.fr\/wp-content\/uploads\/2026\/01\/Geopanel-Star-4-1004x1024.jpg 1004w, https:\/\/dsmat.fr\/wp-content\/uploads\/2026\/01\/Geopanel-Star-4-768x783.jpg 768w, https:\/\/dsmat.fr\/wp-content\/uploads\/2026\/01\/Geopanel-Star-4-1506x1536.jpg 1506w, https:\/\/dsmat.fr\/wp-content\/uploads\/2026\/01\/Geopanel-Star-4-2009x2048.jpg 2009w, https:\/\/dsmat.fr\/wp-content\/uploads\/2026\/01\/Geopanel-Star-4-1000x1020.jpg 1000w, https:\/\/dsmat.fr\/wp-content\/uploads\/2026\/01\/Geopanel-Star-4-230x235.jpg 230w, https:\/\/dsmat.fr\/wp-content\/uploads\/2026\/01\/Geopanel-Star-4-350x357.jpg 350w, https:\/\/dsmat.fr\/wp-content\/uploads\/2026\/01\/Geopanel-Star-4-480x489.jpg 480w\" sizes=\"auto, (max-width: 2511px) 100vw, 2511px\" \/><\/figure>\n<\/div>\n<\/div>\n\n\n\n<p><\/p>\n","protected":false},"excerpt":{"rendered":"<p>Coffrage GEOPANEL STAR \u2013 La flexibilit\u00e9 et la performance au service de vos chantiers Le GEOPANEL STAR, coffrage r\u00e9glable connu aussi sous le nom \u00ab [&hellip;]<\/p>\n","protected":false},"author":1,"featured_media":0,"parent":8,"menu_order":3,"comment_status":"closed","ping_status":"closed","template":"page-templates\/page_fullwidth.php","meta":{"footnotes":""},"class_list":["post-718","page","type-page","status-publish","hentry"],"_links":{"self":[{"href":"https:\/\/dsmat.fr\/index.php\/wp-json\/wp\/v2\/pages\/718","targetHints":{"allow":["GET"]}}],"collection":[{"href":"https:\/\/dsmat.fr\/index.php\/wp-json\/wp\/v2\/pages"}],"about":[{"href":"https:\/\/dsmat.fr\/index.php\/wp-json\/wp\/v2\/types\/page"}],"author":[{"embeddable":true,"href":"https:\/\/dsmat.fr\/index.php\/wp-json\/wp\/v2\/users\/1"}],"replies":[{"embeddable":true,"href":"https:\/\/dsmat.fr\/index.php\/wp-json\/wp\/v2\/comments?post=718"}],"version-history":[{"count":35,"href":"https:\/\/dsmat.fr\/index.php\/wp-json\/wp\/v2\/pages\/718\/revisions"}],"predecessor-version":[{"id":2201,"href":"https:\/\/dsmat.fr\/index.php\/wp-json\/wp\/v2\/pages\/718\/revisions\/2201"}],"up":[{"embeddable":true,"href":"https:\/\/dsmat.fr\/index.php\/wp-json\/wp\/v2\/pages\/8"}],"wp:attachment":[{"href":"https:\/\/dsmat.fr\/index.php\/wp-json\/wp\/v2\/media?parent=718"}],"curies":[{"name":"wp","href":"https:\/\/api.w.org\/{rel}","templated":true}]}}