{"id":1390,"date":"2025-12-18T14:48:43","date_gmt":"2025-12-18T14:48:43","guid":{"rendered":"http:\/\/attbing.cluster121.hosting.ovh.net\/?page_id=1390"},"modified":"2026-02-16T13:36:18","modified_gmt":"2026-02-16T13:36:18","slug":"elevator-tank","status":"publish","type":"page","link":"https:\/\/dsmat.fr\/index.php\/gestion-des-eaux\/elevator-tank\/","title":{"rendered":"ELEVATOR TANK"},"content":{"rendered":"\n<div style=\"height:30px\" aria-hidden=\"true\" class=\"wp-block-spacer\"><\/div>\n\n\n\n<div class=\"wp-block-group alignwide has-global-padding is-content-justification-center is-layout-constrained wp-block-group-is-layout-constrained\">\n<div class=\"wp-block-group is-content-justification-center is-layout-flex wp-container-core-group-is-layout-b02886af wp-block-group-is-layout-flex\"><h1 style=\"font-size:30px;\" class=\"has-text-align-center wp-block-post-title\">ELEVATOR TANK<\/h1>\n\n\n<figure class=\"wp-block-image aligncenter size-full is-resized\"><img loading=\"lazy\" decoding=\"async\" width=\"933\" height=\"210\" src=\"http:\/\/attbing.cluster121.hosting.ovh.net\/wp-content\/uploads\/2025\/12\/GEO-2.png\" alt=\"\" class=\"wp-image-1096\" style=\"aspect-ratio:4.442882249560633;width:89px;height:auto\" srcset=\"https:\/\/dsmat.fr\/wp-content\/uploads\/2025\/12\/GEO-2.png 933w, https:\/\/dsmat.fr\/wp-content\/uploads\/2025\/12\/GEO-2-300x68.png 300w, https:\/\/dsmat.fr\/wp-content\/uploads\/2025\/12\/GEO-2-768x173.png 768w, https:\/\/dsmat.fr\/wp-content\/uploads\/2025\/12\/GEO-2-230x52.png 230w, https:\/\/dsmat.fr\/wp-content\/uploads\/2025\/12\/GEO-2-350x79.png 350w, https:\/\/dsmat.fr\/wp-content\/uploads\/2025\/12\/GEO-2-480x108.png 480w\" sizes=\"auto, (max-width: 933px) 100vw, 933px\" \/><\/figure>\n\n\n\n<div class=\"wp-block-buttons is-content-justification-center is-layout-flex wp-container-core-buttons-is-layout-b5994976 wp-block-buttons-is-layout-flex\">\n<div class=\"wp-block-button\"><a class=\"wp-block-button__link wp-element-button\" href=\"https:\/\/dsmat.fr\/wp-content\/uploads\/2025\/12\/Geoplast-Eau-Catalogue-Francais-1.pdf\">t\u00e9l\u00e9charger le catalogue<\/a><\/div>\n<\/div>\n<\/div>\n<\/div>\n\n\n\n<div style=\"height:30px\" aria-hidden=\"true\" class=\"wp-block-spacer\"><\/div>\n\n\n\n<hr class=\"wp-block-separator has-text-color has-global-color-2-color has-alpha-channel-opacity has-global-color-2-background-color has-background\"\/>\n\n\n\n<div style=\"height:30px\" aria-hidden=\"true\" class=\"wp-block-spacer\"><\/div>\n\n\n\n<div class=\"wp-block-columns are-vertically-aligned-center is-layout-flex wp-container-core-columns-is-layout-28f84493 wp-block-columns-is-layout-flex\">\n<div class=\"wp-block-column is-vertically-aligned-center is-layout-flow wp-block-column-is-layout-flow\">\n<figure class=\"wp-block-image aligncenter size-full\"><img loading=\"lazy\" decoding=\"async\" width=\"300\" height=\"300\" src=\"http:\/\/attbing.cluster121.hosting.ovh.net\/wp-content\/uploads\/2025\/12\/New-Elevetor-300x300-1.png\" alt=\"elevator tank ds mat\" class=\"wp-image-936\" srcset=\"https:\/\/dsmat.fr\/wp-content\/uploads\/2025\/12\/New-Elevetor-300x300-1.png 300w, https:\/\/dsmat.fr\/wp-content\/uploads\/2025\/12\/New-Elevetor-300x300-1-150x150.png 150w, https:\/\/dsmat.fr\/wp-content\/uploads\/2025\/12\/New-Elevetor-300x300-1-230x230.png 230w\" sizes=\"auto, (max-width: 300px) 100vw, 300px\" \/><\/figure>\n<\/div>\n\n\n\n<div class=\"wp-block-column is-vertically-aligned-center is-layout-flow wp-block-column-is-layout-flow\">\n<figure class=\"wp-block-image aligncenter size-large is-resized\"><img loading=\"lazy\" decoding=\"async\" width=\"768\" height=\"1024\" src=\"http:\/\/attbing.cluster121.hosting.ovh.net\/wp-content\/uploads\/2026\/01\/Elevator-Tank-3-768x1024.jpg\" alt=\"elevator tank ds mat\" class=\"wp-image-1785\" style=\"aspect-ratio:0.7500152989413132;width:248px;height:auto\" srcset=\"https:\/\/dsmat.fr\/wp-content\/uploads\/2026\/01\/Elevator-Tank-3-768x1024.jpg 768w, https:\/\/dsmat.fr\/wp-content\/uploads\/2026\/01\/Elevator-Tank-3-225x300.jpg 225w, https:\/\/dsmat.fr\/wp-content\/uploads\/2026\/01\/Elevator-Tank-3-1000x1333.jpg 1000w, https:\/\/dsmat.fr\/wp-content\/uploads\/2026\/01\/Elevator-Tank-3-230x307.jpg 230w, https:\/\/dsmat.fr\/wp-content\/uploads\/2026\/01\/Elevator-Tank-3-350x467.jpg 350w, https:\/\/dsmat.fr\/wp-content\/uploads\/2026\/01\/Elevator-Tank-3-480x640.jpg 480w, https:\/\/dsmat.fr\/wp-content\/uploads\/2026\/01\/Elevator-Tank-3.jpg 1125w\" sizes=\"auto, (max-width: 768px) 100vw, 768px\" \/><\/figure>\n<\/div>\n<\/div>\n\n\n\n<div style=\"height:25px\" aria-hidden=\"true\" class=\"wp-block-spacer\"><\/div>\n\n\n\n<p><strong>Elevator Tank Geoplast \u2013 Le bassin inspectable nouvelle g\u00e9n\u00e9ration pour la gestion des eaux pluviales<\/strong><\/p>\n\n\n\n<p>Ma\u00eetrisez durablement la gestion des eaux pluviales avec <strong>Elevator Tank Geoplast<\/strong>, un <strong>bassin inspectable en b\u00e9ton<\/strong> con\u00e7u pour le <strong>stockage et la r\u00e9gulation des eaux pluviales<\/strong>, m\u00eame dans les configurations les plus contraignantes. Sa conception verticale unique permet d\u2019optimiser l\u2019emprise au sol tout en garantissant un acc\u00e8s simple et s\u00e9curis\u00e9 pour l\u2019inspection et la maintenance.<\/p>\n\n\n\n<p>Robuste et p\u00e9renne, l\u2019Elevator Tank s\u2019int\u00e8gre id\u00e9alement sous <strong>voiries, parkings, zones urbaines denses ou sites \u00e0 forte contrainte d\u2019espace<\/strong>. Sa structure en b\u00e9ton assure une <strong>excellente r\u00e9sistance m\u00e9canique<\/strong>, une grande long\u00e9vit\u00e9 et une parfaite conformit\u00e9 aux exigences r\u00e9glementaires.<\/p>\n\n\n\n<div style=\"height:25px\" aria-hidden=\"true\" class=\"wp-block-spacer\"><\/div>\n\n\n\n<div class=\"wp-block-columns is-layout-flex wp-container-core-columns-is-layout-28f84493 wp-block-columns-is-layout-flex\">\n<div class=\"wp-block-column is-layout-flow wp-block-column-is-layout-flow\">\n<figure class=\"wp-block-image size-full\"><img loading=\"lazy\" decoding=\"async\" width=\"1500\" height=\"1125\" src=\"http:\/\/attbing.cluster121.hosting.ovh.net\/wp-content\/uploads\/2026\/01\/Elevator-Tank-1.jpg\" alt=\"elevator tank ds mat\" class=\"wp-image-1786\" srcset=\"https:\/\/dsmat.fr\/wp-content\/uploads\/2026\/01\/Elevator-Tank-1.jpg 1500w, https:\/\/dsmat.fr\/wp-content\/uploads\/2026\/01\/Elevator-Tank-1-300x225.jpg 300w, https:\/\/dsmat.fr\/wp-content\/uploads\/2026\/01\/Elevator-Tank-1-1024x768.jpg 1024w, https:\/\/dsmat.fr\/wp-content\/uploads\/2026\/01\/Elevator-Tank-1-768x576.jpg 768w, https:\/\/dsmat.fr\/wp-content\/uploads\/2026\/01\/Elevator-Tank-1-1000x750.jpg 1000w, https:\/\/dsmat.fr\/wp-content\/uploads\/2026\/01\/Elevator-Tank-1-230x173.jpg 230w, https:\/\/dsmat.fr\/wp-content\/uploads\/2026\/01\/Elevator-Tank-1-350x263.jpg 350w, https:\/\/dsmat.fr\/wp-content\/uploads\/2026\/01\/Elevator-Tank-1-480x360.jpg 480w\" sizes=\"auto, (max-width: 1500px) 100vw, 1500px\" \/><\/figure>\n<\/div>\n\n\n\n<div class=\"wp-block-column is-layout-flow wp-block-column-is-layout-flow\">\n<figure class=\"wp-block-image size-full\"><img loading=\"lazy\" decoding=\"async\" width=\"1500\" height=\"1125\" src=\"http:\/\/attbing.cluster121.hosting.ovh.net\/wp-content\/uploads\/2026\/01\/Elevator-Tank-2.jpg\" alt=\"elevator tank ds mat\" class=\"wp-image-1787\" srcset=\"https:\/\/dsmat.fr\/wp-content\/uploads\/2026\/01\/Elevator-Tank-2.jpg 1500w, https:\/\/dsmat.fr\/wp-content\/uploads\/2026\/01\/Elevator-Tank-2-300x225.jpg 300w, https:\/\/dsmat.fr\/wp-content\/uploads\/2026\/01\/Elevator-Tank-2-1024x768.jpg 1024w, https:\/\/dsmat.fr\/wp-content\/uploads\/2026\/01\/Elevator-Tank-2-768x576.jpg 768w, https:\/\/dsmat.fr\/wp-content\/uploads\/2026\/01\/Elevator-Tank-2-1000x750.jpg 1000w, https:\/\/dsmat.fr\/wp-content\/uploads\/2026\/01\/Elevator-Tank-2-230x173.jpg 230w, https:\/\/dsmat.fr\/wp-content\/uploads\/2026\/01\/Elevator-Tank-2-350x263.jpg 350w, https:\/\/dsmat.fr\/wp-content\/uploads\/2026\/01\/Elevator-Tank-2-480x360.jpg 480w\" sizes=\"auto, (max-width: 1500px) 100vw, 1500px\" \/><\/figure>\n<\/div>\n\n\n\n<div class=\"wp-block-column is-layout-flow wp-block-column-is-layout-flow\">\n<figure class=\"wp-block-image size-full\"><img loading=\"lazy\" decoding=\"async\" width=\"435\" height=\"334\" src=\"http:\/\/attbing.cluster121.hosting.ovh.net\/wp-content\/uploads\/2026\/01\/Elevator-Tank-5.jpg\" alt=\"elevator tank ds mat\" class=\"wp-image-1788\" srcset=\"https:\/\/dsmat.fr\/wp-content\/uploads\/2026\/01\/Elevator-Tank-5.jpg 435w, https:\/\/dsmat.fr\/wp-content\/uploads\/2026\/01\/Elevator-Tank-5-300x230.jpg 300w, https:\/\/dsmat.fr\/wp-content\/uploads\/2026\/01\/Elevator-Tank-5-230x177.jpg 230w, https:\/\/dsmat.fr\/wp-content\/uploads\/2026\/01\/Elevator-Tank-5-350x269.jpg 350w\" sizes=\"auto, (max-width: 435px) 100vw, 435px\" \/><\/figure>\n<\/div>\n<\/div>\n","protected":false},"excerpt":{"rendered":"<p>Elevator Tank Geoplast \u2013 Le bassin inspectable nouvelle g\u00e9n\u00e9ration pour la gestion des eaux pluviales Ma\u00eetrisez durablement la gestion des eaux pluviales avec Elevator Tank [&hellip;]<\/p>\n","protected":false},"author":1,"featured_media":0,"parent":12,"menu_order":2,"comment_status":"closed","ping_status":"closed","template":"page-templates\/page_fullwidth.php","meta":{"footnotes":""},"class_list":["post-1390","page","type-page","status-publish","hentry"],"_links":{"self":[{"href":"https:\/\/dsmat.fr\/index.php\/wp-json\/wp\/v2\/pages\/1390","targetHints":{"allow":["GET"]}}],"collection":[{"href":"https:\/\/dsmat.fr\/index.php\/wp-json\/wp\/v2\/pages"}],"about":[{"href":"https:\/\/dsmat.fr\/index.php\/wp-json\/wp\/v2\/types\/page"}],"author":[{"embeddable":true,"href":"https:\/\/dsmat.fr\/index.php\/wp-json\/wp\/v2\/users\/1"}],"replies":[{"embeddable":true,"href":"https:\/\/dsmat.fr\/index.php\/wp-json\/wp\/v2\/comments?post=1390"}],"version-history":[{"count":21,"href":"https:\/\/dsmat.fr\/index.php\/wp-json\/wp\/v2\/pages\/1390\/revisions"}],"predecessor-version":[{"id":2312,"href":"https:\/\/dsmat.fr\/index.php\/wp-json\/wp\/v2\/pages\/1390\/revisions\/2312"}],"up":[{"embeddable":true,"href":"https:\/\/dsmat.fr\/index.php\/wp-json\/wp\/v2\/pages\/12"}],"wp:attachment":[{"href":"https:\/\/dsmat.fr\/index.php\/wp-json\/wp\/v2\/media?parent=1390"}],"curies":[{"name":"wp","href":"https:\/\/api.w.org\/{rel}","templated":true}]}}